(0 - 1)). Suppose 3 = 3*f - 6, s = r*f + 11. What is the tens digit of s?
1
Let c(s) = s - 1. What is the units digit of c(7)?
6
Let u(r) = -r**3 - r - 6. Let l be u(0). Let i = -2 - l. What is the units digit of i?
4
Let d = 8 + -3. Suppose -d*p + 3*f = -27, -3*p - 2*f = -5 + 4. Suppose -p*u - 24 = -6*u. What is the units digit of u?
8
Let c = -3 + 5. Let y(m) = 3 - 10*m**2 + 0*m**3 + c*m**2 - 8*m - 1 - m**3. What is the units digit of y(-7)?
9
Suppose -2*c - 5*k + 22 + 7 = 0, 0 = 4*c - 3*k - 123. What is the tens digit of c?
2
Let s = 60 - -6. What is the tens digit of s?
6
Suppose -3*u + 84 = u. Suppose -j = x - 6*j, 0 = 5*x - 4*j - u. Suppose 5 = x*n - 0*n. What is the units digit of n?
1
Let i(g) = 4*g - 6. Let z = 8 - -9. Let x = z - 12. What is the units digit of i(x)?
4
Suppose -2 = -6*b + 4. Let f(m) = 41*m + 1. What is the tens digit of f(b)?
4
Suppose -2*n - n - 3*g = -126, -2*g = -2*n + 84. What is the units digit of n?
2
Suppose -z - 124 = 4*f - 5*z, -4*f = -3*z + 120. Let y = 48 + f. Suppose y = l - 4*s, 5*s + 105 = 4*l + l. What is the tens digit of l?
2
Suppose -10 = 5*p - 0. Let x be -8 - (-1 + 1 + p). Let w = x + 19. What is the tens digit of w?
1
Suppose -3*f = -1 - 23. What is the units digit of f?
8
Suppose 0 = 5*c + 4*b - 28, 0 = -c - 4*b + 20 - 8. Suppose 23 + 17 = c*n. What is the units digit of n?
0
Suppose -d - 2*m + 29 = -211, -248 = -d - 4*m. What is the units digit of d?
2
Suppose 0 = 3*f + 2*f, -f = -u + 77. What is the units digit of u?
7
Suppose -4*a = -2*a. Suppose a = -2*b + b - 3*p + 22, -3*p = 2*b - 32. What is the units digit of b?
0
Let p = 3 + -5. Let r(i) be the third derivative of i**5/60 + i**4/24 - i**3/6 + 2*i**2. What is the units digit of r(p)?
1
Let r(k) = -k**2 - 6*k + 2. Let z be r(-5). Suppose 0 = -12*h + z*h + 15. What is the units digit of h?
3
Let w be 6/(-27) + 142/(-9). Let o = 16 - w. What is the tens digit of o?
3
Suppose -4*f + 5*z = -20, 12 = 2*z + 4. Let b be 74/f - (-9)/15. What is the units digit of -2 + (-2 - -2) + b?
6
Let j(t) = t**2 + 3. What is the units digit of j(-7)?
2
Suppose 0 = o - 5*o - 2*n - 856, 3*n + 224 = -o. Let x be 6/(-10) + o/(-20). What is the units digit of (-2)/(-10) + 18/x?
2
Let i(h) = -h**2 + 10*h. Let w be i(10). Suppose w = 2*q + 21 + 23. Let g = -16 - q. What is the units digit of g?
6
Let q(z) = z - 5. Let c be q(5). Suppose -75 = -3*d - 2*d. Suppose 3*w = t - d, c*w = -3*t + 3*w + 33. What is the units digit of t?
9
Suppose 0*w - 3*w - 54 = 0. Let v = 26 + w. What is the units digit of v?
8
Suppose o = 7*o - 744. What is the units digit of o?
4
Suppose 0 = 9*y - 3*y - 522. What is the units digit of y?
7
Let w = 11 + -6. Let l = -3 + w. What is the units digit of l?
2
Let t = -1 - -3. What is the units digit of t?
2
Let x = -21 - -24. Suppose 4*g - x*g - 21 = 0. What is the tens digit of g?
2
Let h(i) = -21*i**3 - 2*i**2 + 1. Let t be h(-1). Suppose -4*p + 4 = 3*f, f - 2*p = -0*f - 2. Suppose -5*a + t = -f*a. What is the units digit of a?
4
Suppose -233 = -2*o - s, 2*s = -2*s - 20. What is the tens digit of o?
1
Let b(m) = m**2 + 11*m - 8. Let a be b(-12). What is the units digit of (-13 - a)*(-1 + 0)?
7
Let u(g) be the third derivative of g**6/120 + 11*g**5/60 + 7*g**4/24 - g**3 - 3*g**2. What is the units digit of u(-10)?
4
Suppose -4 = 2*l - 54. What is the tens digit of l?
2
Let w = 3 + -2. What is the units digit of w?
1
What is the tens digit of (-2)/(-7) + 702/42?
1
Let w = 126 + -86. What is the tens digit of w?
4
Suppose -2*v + 176 + 12 = 0. What is the units digit of v?
4
Let n(k) = -k**2 + 5*k - 2. Let v be n(4). Let o(d) = -d**3 + 6*d**2 + 2. Let j be o(6). Let p = j + v. What is the units digit of p?
4
Suppose -5*v - 4*z - 22 = 29, 3*v + 3*z + 33 = 0. What is the units digit of 2/v - 64/(-28)?
2
Suppose 2*r = 3*k - 25, r - 3*k - 3 = -23. Let t = r - -12. What is the units digit of t?
7
Let b = 8 - 4. Let n = -9 + b. Let y = n + 11. What is the units digit of y?
6
Let x = 123 - 20. What is the tens digit of x?
0
Suppose 50 = 3*q - z, 2*z - z - 40 = -2*q. Suppose 3*o + 0 + 39 = 0. Let m = o + q. What is the units digit of m?
5
Let w = 56 + -40. Let h(o) = 2*o**2 + o + 4. Let b be h(-4). Suppose 0 = -4*v - l + b, w = 2*v + 3*l - l. What is the units digit of v?
8
Let t be (-1 - -4) + 216/8. Suppose 0*v = -5*v + t. What is the units digit of v?
6
Let p = -7 + 25. Suppose 0 = 2*k - 34 - p. What is the units digit of k?
6
Let k(n) = -3*n**3 + 4*n**2 + 3*n. What is the units digit of k(-3)?
8
What is the tens digit of -1 + (-2)/2 + 33?
3
Let w = -23 + 58. What is the tens digit of w?
3
Let o(q) = -6*q**3 - q**2. Let y = -12 + 11. Let i be o(y). Suppose x - 3 = -2*m, -i*x - 3*m + 33 = -2*m. What is the units digit of x?
7
What is the tens digit of (1/(-3))/((-6)/342)?
1
Suppose j - 26 = 18. What is the tens digit of j?
4
Suppose c - 92 = 124. What is the units digit of c?
6
Suppose i + 2*i - 204 = 0. What is the tens digit of i?
6
Suppose 0 = -2*l - 2*o - 44, -4*l - 5*o - 35 = 57. Let t = -11 - l. What is the units digit of t?
7
Suppose -i - 5*q = -6 + 1, -5*q = -i + 5. What is the units digit of i?
5
Let u(j) = j**2 - 2*j + 20. What is the hundreds digit of u(11)?
1
Let h(c) = -15*c - 6. Let q be h(-4). Let i be 2/5 + q/15. Suppose 0 = 5*n - i*n - 3. What is the units digit of n?
3
Let x be 36/(-2) + (-12)/6. Suppose -m - k + 68 = -4*m, -2*m - 28 = -5*k. What is the units digit of (m/x)/((-4)/(-30))?
9
Let h = -10 - -28. Suppose 0 = -5*n + 2 + h. Suppose 20 = 4*x + n. What is the units digit of x?
4
Let c = -1 + 7. What is the units digit of c?
6
Suppose -57 = -2*c + 23. What is the units digit of c?
0
Let x(b) = b**2 - 3*b - 4. Let o be x(-3). Let i(d) = -d + 7. Let h(v) = 2. Let r(k) = o*h(k) - 4*i(k). What is the units digit of r(3)?
2
Let k(r) be the second derivative of r**4/6 - r**2 - 3*r. Let c be k(2). Let u(s) = 2*s - 7. What is the units digit of u(c)?
5
Suppose -4*w + 163 - 55 = 0. Let a be ((-3)/(-6))/(-3 - (-308)/104). Let q = a + w. What is the tens digit of q?
1
Let l(z) = -z - 16. Let u be l(0). Let o be (u/10)/(2/(-5)). What is the units digit of (o/(-8))/(2/(-4))?
1
Suppose -2*b + 6 = 0, -56 + 169 = 2*t + b. What is the units digit of t?
5
What is the units digit of (0 + -3 + 2)*-19?
9
Suppose -4*s = 2*o + 16, -s - 3*o - 4 = -0. What is the units digit of ((-2)/4)/(s/88)?
1
Suppose -338 + 104 = -y. What is the tens digit of y?
3
Let g = 2 + -5. What is the units digit of g/(-1 + -5)*10?
5
Suppose 0 = -3*b - 4*q + 204, -3 = -3*q + 6. What is the units digit of b?
4
Suppose 0 = -5*s - 2*r - 50, 4*s = r + 5 - 45. What is the units digit of (-40)/(-1) + (-10)/s?
1
Let s = 76 + -42. Let x = s - 20. What is the units digit of x?
4
Suppose 10 = 2*x - 0*x. Let b(h) = h**2 - 6*h + 2. Let g be b(6). Suppose 0 = -g*o + o + x. What is the units digit of o?
5
Let q(l) = 3*l**2 - 4*l + 1. Let n(g) = 8*g**2 - 12*g + 4. Let t(b) = -4*n(b) + 11*q(b). Let h be t(-8). Let a = h - 19. What is the units digit of a?
8
What is the tens digit of (-1141)/(-14) - (-3)/(-12)*2?
8
Let g = -7 + 12. Suppose 0 = 3*q - 28 - g. What is the tens digit of q?
1
Let u(o) = -4 + o**2 - 3 - o + 4. Let t be u(-3). What is the tens digit of 1 - t*(-2 + 1)?
1
Suppose -5*s + 28 = 3*v, -2*s + 6*s - 18 = 2*v. What is the units digit of s?
5
Suppose -2*b - 54 = -8*b. What is the units digit of b?
9
Let x(f) = 19*f**2 + f. Let g be x(-1). Suppose 2*q = 5*q - g. Suppose 2*p - q = -p. What is the units digit of p?
2
Let w(v) = v**3 - 9*v**2 + 10*v - 6. Let k be w(8). Let i = k - 6. What is the units digit of i?
4
What is the tens digit of 335 - (8 - 8) - -1*4?
3
Suppose 12 = -4*n, 5*m - 190 - 161 = -3*n. What is the tens digit of m?
7
What is the units digit of 465/9 - 6/9?
1
Let f(h) = -h**3 - 3*h**2 + 2*h - 4. Let b be f(-4). Suppose -5*l = b*d - 31, 4*l - l = -d + 13. What is the units digit of 0 + (5 - 2)/l?
1
Let x(b) = -2*b - 5*b - b**2 - 3 - 5*b + 1. What is the tens digit of x(-8)?
3
Let q(n) = n**3 - 15*n**2 + 16*n - 9. What is the units digit of q(14)?
9
Suppose -30 + 228 = k - 3*l, -20 = 5*l. What is the hundreds digit of k?
1
Suppose y - 415 = -5*v, -5*y + 6 - 63 = -v. What is the tens digit of v?
8
Suppose 3 = 5*s - 2. Let w = 13 + -8. Let v = w - s. What is 